9*l**2 - 3*l - 6. Let n be k(-9). Is (-139395)/(2 - 7)*7/n a composite number?
False
Let v = 621978 - 373610. Is v/24 + -1*1/(-3) prime?
False
Let k = 84035 - -105788. Is k a prime number?
True
Let c(b) = -36931*b - 3004. Is c(-15) composite?
False
Let d(x) = -14*x + 197. Let i(n) = -210*n + 2961. Let v(q) = 91*d(q) - 6*i(q). Is v(-18) composite?
True
Let v(q) = -2*q**3 - 77*q**2 - 98*q + 262. Is v(-65) prime?
False
Let b(o) = 1667*o**2 - 2*o + 62. Is b(-9) a composite number?
True
Is 916190016/1792 + 1/4 a prime number?
False
Suppose 0 = -l + 32 - 28, 0 = -k - l - 599. Suppose 2*r + 1058 = 5*v - 4553, 3*v = -r - 2833. Let q = k - r. Is q a composite number?
True
Suppose -108 = -r + 3*u - 4*u, 0 = 4*r - 3*u - 467. Let d be (-1 - 2) + r/1 + -3. Suppose 3*j + h = 371, -5*j - 5*h - d + 732 = 0. Is j prime?
False
Suppose -4*l = 3*g + 35260, -l = 2*l - 3*g + 26466. Is (l/4)/((-1)/2) a composite number?
False
Let n(a) = -394*a**3 - 2*a**2 - a - 35. Is n(-6) composite?
True
Let i = 90 + -88. Suppose i*r = 5*h - 15, -3*r + 3*h - 12 = -h. Is (-1281 - 4)*(0 - (r + 1)) composite?
True
Let f = 6848 - -28181. Suppose -11*s + 34*s = f. Is s composite?
False
Let o = 1553 - 565. Let z = o + -569. Is z a prime number?
True
Let q be 1 - (-1 + (0 - -5)). Is 2/(-2)*(-7144 + q + -4) prime?
True
Let y = 245710 + -126957. Is y a composite number?
True
Let u = 99 + -105. Let m(d) = 230*d**2 + 2*d - 65. Is m(u) a prime number?
False
Let g(q) = 4*q**2 - 39*q**3 - 51*q - 10*q**2 + 96*q - 67*q + 16. Is g(-3) composite?
True
Let w(n) = 91*n**2 + 39*n + 69. Is w(37) prime?
False
Suppose 32*p + 10 = -46*p - 68. Let j = 9 + -4. Is 131 + j/p - -1 composite?
False
Suppose -5*n + 336 = 2*c, 17*n = 13*n - 8. Suppose -3*p + 8 = 2*d, -2*p - 2*d + 4 = -p. Suppose -3*t + 265 = -2*b - 234, t - p*b = c. Is t composite?
False
Suppose 26*w - 15843 - 21545 = 0. Let g = w - -4689. Is g a composite number?
True
Suppose -3*j - j + 213 = -3*v, -2*v = -2*j + 104. Suppose 2*m = 3*u - 175 + 127, u = -m + 11. Let n = j - u. Is n prime?
True
Suppose -6*t + 45 = 3*t. Suppose 4*q + 3269 = t*r, 0 = 2*r - 7*r - q + 3289. Suppose n = b + 637, -r = 4*n - 5*n - 4*b. Is n a composite number?
False
Suppose -4962462 = 210*r - 744*r. Is r a prime number?
True
Let l(u) = u**2 - 3*u + 2. Let p(v) = -43*v**2 - 17*v + 21. Let r(f) = 6*l(f) - p(f). Is r(5) a prime number?
False
Suppose 5*j + 2*x - 54 = 69, -4*j - 4*x = -108. Let d = j + -23. Is d + (90 - -3) + -4 composite?
False
Let f(n) = n + 35. Let v be f(-33). Suppose 3450 = -2*i + 7*i - 5*j, 0 = -3*i - v*j + 2075. Is i a composite number?
False
Let o = 127 + -126. Suppose -c - l = 2550 - 12742, -o = l. Is c composite?
False
Suppose 2*o - 21203 = 2*s + 37113, -29162 = -o + 3*s. Suppose 0 = -112*z + 108*z + o. Is z prime?
False
Is 10 + 613043 + (-24 - -40) a composite number?
True
Suppose -5*y - 6 = -8*y. Suppose 0 = 4*j + y*t - 21748, 8*j - 2*t + 10874 = 10*j. Is j a prime number?
True
Is 216556/7 - (-255)/595 a composite number?
False
Let v be (3/((-42)/(-4)))/(14/294). Is (-696)/(-2)*15/v + -1 composite?
True
Let y(k) = 319*k**2 + 3*k + 1. Let q = -157 + 156. Is y(q) prime?
True
Is (11 + (-13 - -5))*(72448/6 - 5) a prime number?
True
Let j(g) be the third derivative of 85*g**4/12 - 269*g**3/6 + 3*g**2 - 6*g. Is j(38) prime?
False
Suppose -9411 = 5*l - 141191. Suppose 12*s - 3536 = l. Is s a prime number?
False
Let j(w) be the first derivative of -7/2*w**2 - 10*w + 33 - 1/4*w**4 + 13/3*w**3. Is j(8) a composite number?
True
Let w be 6/(-4)*(-52)/(-39). Let c be (-1185)/20*(w + -2). Suppose -8*d = -5*d - c. Is d a prime number?
True
Suppose -180740 = -m - 3*r, 0 = 36*r - 34*r - 6. Is m a composite number?
False
Let t = 475171 + -273234. Is t a prime number?
True
Is (14 + 298496)*(5 + 36/(-8)) a prime number?
False
Let v(y) = 6*y**3 + 5*y**2 + y - 5. Let i(h) be the second derivative of h**5/20 + h**4/6 + h**3/6 + 9*h**2/2 + 22*h. Let u be i(0). Is v(u) prime?
True
Let c(t) = -2 - 6 + 9 - t - 10*t + 11*t**2. Let f be c(10). Let g = 1472 - f. Is g prime?
False
Suppose -4*l - 3995678 = -107*y + 105*y, 3*l - 1997849 = -y. Is y a composite number?
False
Suppose -11*v - 12*v = -3993191. Is v prime?
True
Let b(r) = r**3 + 4*r**2 - 21*r + 2. Let q be b(-7). Suppose -s + 640 = 5*l, 0 = q*s + 3*l - 686 - 615. Is s a composite number?
True
Let z = 1049711 - -1985472. Is z a composite number?
False
Suppose -u + 5*s + 26 = 0, -3*u + s = -2*u - 6. Is ((-2037)/28 + 0)/(u/(-4)) prime?
False
Let w = 1112 + 7817. Is w a composite number?
False
Suppose -666 = -2*t + 4*y + 420, 0 = 4*t - y - 2158. Suppose -17*q = -3*q - 84. Suppose q*z - t = 691. Is z composite?
True
Let s(n) = -n**2 - 10*n + 9. Let g be s(-11). Let q(d) = 1158*d**2 + 3*d - 5. Is q(g) a composite number?
False
Let w = -570566 - -887247. Is w a composite number?
False
Let a(j) = -j**2 + 14*j + 10. Let v be a(18). Let r = v - -67. Is (-2)/r - (-1334)/10 a composite number?
True
Suppose 41*q = 43*q + 13344. Let r = -4261 - q. Is r a prime number?
True
Let s = 20 - 15. Suppose 1 - s = -2*n. Suppose 2607 = 3*m + n*q, -8*m = -3*m + 3*q - 4346. Is m a composite number?
True
Suppose 4*w = j + 63 + 2394, 5*j = w - 12285. Let v = j + 3501. Suppose 2588 = 4*n - 3*u - v, -u = -4. Is n composite?
False
Suppose 0 = -5*i + 5, -3*o + i = -7*o + 117. Let x = 33 + -10. Suppose o = h + x. Is h prime?
False
Let n = 90532 - 23363. Is n composite?
False
Suppose 0*o = -2*o + 374. Let m = 589 + -203. Let c = m + o. Is c a prime number?
False
Let q(y) = -6652*y - 127. Is q(-5) a prime number?
False
Let r(j) be the second derivative of -1186*j**3/3 - 17*j**2/2 + 17*j. Let h be r(-3). Suppose -h = -7*y + 10758. Is y a prime number?
True
Suppose -z - 3*f = -207485, -4*z = 61*f - 57*f - 830004. Is z composite?
False
Let a(z) = -129 + 114 + 7*z**2 + 241 - 6*z**2 + 2*z. Is a(0) a composite number?
True
Let s be (-5)/((-30)/6) - -3594. Is (-16)/8 - (-1 - (s + -1)) a composite number?
False
Let p(l) = l**3 + 2*l**2 + 2*l + 1. Let m be p(-1). Suppose i + w - 4 = m, -4*i + 3*w + 8 = 5*w. Suppose 6*n - 12*n + 26526 = i. Is n a composite number?
False
Suppose -41*f + 7912647 = 48*f + 337501. Is f a composite number?
True
Suppose 8*c - 3 = 11*c. Let u(p) = 3563*p - 2. Let j be u(c). Is (-1 - j) + (-1 - 0) prime?
False
Let g = 9126 + -4716. Let d(q) = q**2 + 102*q - 532. Let s be d(5). Suppose s*c + 4398 = 3*v, -5*v - c + g = -2*v. Is v prime?
False
Suppose 5458 = 3*k - 5*t + 23918, -3*t = 2*k + 12332. Let y = k + 8939. Is y composite?
True
Let i(w) = 86*w**2 - 28*w - 475. Is i(-21) a prime number?
True
Let r(f) = 4*f**2 + f - 1. Let y be r(-1). Let u(i) = -i + 8*i**y + 8 - 2 + 4. Is u(11) prime?
True
Let t = -2305 - -23028. Suppose -2*g = -3*j - t, -g + 5*j + 20713 = g. Is g a composite number?
False
Is (-1)/((40/160)/((-2184261)/12 + 0)) a composite number?
False
Suppose 2*v - 4*d - 78 = 0, -4*v + 141 + 27 = -2*d. Suppose v = m + 37. Is m/24 - 8022/(-8) prime?
False
Let d = 186894 - -108575. Is d a prime number?
False
Let p(k) = 44771*k**2 - 42*k - 42. Is p(-1) a composite number?
False
Suppose 6*s + 100 = 10*s. Suppose s*u - 19*u = 1338. Suppose -2*p + u = 35. Is p a prime number?
False
Let o be ((-32569)/(-3))/((-53)/(-159)). Let f = o + -18122. Is f a composite number?
False
Is (-151)/(-1057) - (-7 + 1655074)*8/(-42) composite?
False
Let o be 68/(-11) + (-24)/(-132). Let l(s) = 30*s**2 - 4*s + 11. Is l(o) prime?
False
Let d = -15624 + 31751. Is d a prime number?
True
Is 2*((125973/18)/1 - 0) a composite number?
False
Let j be ((-16)/4 - (3 - 1)) + 2. Let m be (-1 + j)*1*1. Is 1557 + 5*(-2)/m composite?
False
Let z(m) = -2*m**2 - 76*m - 146. Let v be z(-36). Let l(d) = -1539*d**3 - 2*d**2 - 10*d - 5. Is l(v) a composite number?
True
Let q(y) = 28*y**2 - 27*y - 736. Is q(39) a prime number?
False
Let a(d) = -4*d + 74. Let m be a(15). Suppose -11*s - 1710 = -m*s. Suppose s = 2*r + 52. Is r prime?
False
Let d = 22 + -15. Suppose 4*q - 29 = -3*h, -2*h - d = 3*q - 29. Let z(c) = 8*c**2 - 9*c + 5. Is z(q) composite?
True
Suppose 4*m + 20730 = 5*q, -2*q + 3*m + 0*m + 8299 = 0. Is (4 + q)/3 + 1 composite?
True
Suppose 4*i + 5*w = 2, -i = -0*w + 2*w + 1. Let b be 3 - (-2)/i*-3. Suppose d - 6 - b = 0. Is d a prime number?
True
Let c be ((-8)/5 - -1)